636. What is the highest common factor of a and 1155?
35
Suppose 4*f - j - 1 = 0, 2*f + 4*j = -0*j - 4. Let w be 1*50 + (f - -4). Let o be (-5)/(15/36*-2). What is the highest common factor of o and w?
6
Suppose -5*p = -4*q - 44, 4*q - 2*q = -2. Suppose 0 = -p*s + 4*s - 24. Let m be (-2)/3 - 88/s. Calculate the greatest common divisor of 7 and m.
7
Suppose 3*m + 95 = 5. Let u = -2 - m. Suppose 2*p - 6 = 0, p = -3*r + 6*p + 363. Calculate the greatest common factor of r and u.
14
Let u(q) = -323*q + 6919. Let b be u(-34). Calculate the greatest common divisor of 27 and b.
27
Let v(k) = -k**3 + 14*k**2 + 21*k + 188. Let t be v(16). Let o be 3*(-2)/(-3)*6. Calculate the highest common factor of t and o.
12
Suppose -4*k + 362 = 114. Let g(i) = 10*i + 4. Let d be g(10). Let n = d - k. What is the highest common factor of n and 21?
21
Let i be (264/352)/(1 + (-16270)/16272). What is the highest common factor of i and 54?
54
Suppose -10 = 12*p - 58. Suppose -p*b + 82 = 2*k + b, -2*b = k - 40. What is the greatest common factor of 12 and k?
12
Suppose -4*l = -2*k + l - 521, -k + 3*l = 259. Suppose c - 3*f - 67 = 0, -4*c = f - 0*f - 294. Let n = c - k. Calculate the highest common divisor of 31 and n.
31
Suppose -4*g = -23 + 3. Suppose 6*m - h - 32 = 3*m, g*m - 70 = 5*h. What is the greatest common divisor of m and 153?
9
Let u be (7 + (-9)/(-18))/(36/1776). What is the highest common factor of 70 and u?
10
Let v = -2115 + 2775. Let b = 23 + 37. What is the greatest common factor of v and b?
60
Let z(d) = -d**3 + 9*d**2 - d + 21. Let s be 2/4*(-72)/20*-5. Let a be z(s). Calculate the highest common factor of 276 and a.
12
Let w(r) = -27*r - 565. Let v be w(-33). Calculate the greatest common factor of 2445 and v.
163
Let s(f) = f - 2*f**2 - f**2 - 2*f + 6*f. Let u be s(-5). Let v be -6 + u/(-16) - (-118)/8. What is the greatest common divisor of v and 15?
15
Let u be 415/15 - 2/(-6). Suppose -a = u - 123. Let r = a - 94. What is the highest common factor of r and 4?
1
Suppose -4075 = -252*t + 251*t - v, 4*v = 2*t - 8150. Calculate the greatest common factor of 326 and t.
163
Let x(d) = 78*d**3 - d**2 + 74*d - 76. Let p be x(1). What is the highest common divisor of p and 6690?
15
Let x be -2 - 9*(-112)/(-6)*84/(-16). Calculate the highest common factor of 320 and x.
80
Let f(u) = -u**2 + 30*u - 90. Let y be f(26). Suppose t + t - 32 = 4*r, 0 = 4*t + 2*r - y. What is the highest common factor of t and 3?
3
Let h(k) = -788*k - 1050. Let s be h(-7). Calculate the greatest common factor of 154 and s.
154
Suppose 2*g + 4 = v + 15, -4*v + 36 = 2*g. What is the highest common factor of g and 956?
4
Let y(b) = 16*b**2 - 313*b - 28. Let l be y(21). Calculate the greatest common factor of l and 7.
7
Let u = 2541 + -2503. What is the greatest common divisor of 4294 and u?
38
Suppose -27*t = -35*t + 352. Let b = 41 + t. What is the greatest common factor of b and 935?
85
Suppose 0 = -148*x + 287216 + 92996. Calculate the greatest common factor of 35 and x.
7
Let r = 55 + -51. Suppose -2*b + 8 = r*x, 3*x + 5 = 7*b - 3*b. Let d = 20 - -2. Calculate the greatest common factor of d and b.
2
Let t = -91 - -161. Let p be 5*((-24)/10 + (-42)/t). Let w = 145 - p. Calculate the highest common divisor of 20 and w.
20
Let k be (-1122)/176*80/(-15). Calculate the greatest common divisor of k and 32.
2
Let o = 6 - -7. Let p(g) = g**2 + 27*g + 396. Let w be p(-26). Let l = w - 318. Calculate the highest common factor of o and l.
13
Suppose -3*s = -3*c - 3435, -8*c + 1141 = s - 5*c. Suppose -7*u = -396 - s. What is the highest common factor of u and 40?
20
Suppose 3*k = 3*d + 42 - 6, d = 4*k - 36. Let c(a) = 1 - 27*a - 25*a + 53*a. Let o be c(1). What is the greatest common divisor of k and o?
2
Suppose 27*l - 51*l = -1152. What is the greatest common factor of l and 1392?
48
Suppose 83 - 99 = -2*v. Let h be (1029/14)/(6/v). Calculate the highest common factor of 49 and h.
49
Suppose -5*c - m = -361, 2*c = -7*m + 2*m + 149. Let u be (-94)/(-2) + 432 + -407. Calculate the highest common factor of c and u.
72
Let d(z) = z**2 - 37*z - 650. Let i be d(66). What is the greatest common divisor of i and 32?
16
Let b = 67 - 19. Let t be (-4)/b + (-104)/(-96). Calculate the highest common factor of 19 and t.
1
Let d = -15101 - -16725. What is the greatest common factor of 7 and d?
7
Let a(f) = f**2 + 4*f - 9. Let o be a(-9). Suppose -2*g = l - 329, 3*g + 730*l - 496 = 728*l. What is the greatest common factor of g and o?
18
Suppose 5*f - 660 = -5*x, -7*x + 888 = 7*f - 9*x. Calculate the highest common divisor of f and 76928.
128
Let k be (-7 - -5 - (-242)/4)/((-40)/(-3280)). What is the greatest common divisor of 1476 and k?
369
Let m(x) = x**3 - 6*x. Let l be m(2). Let o be (-26)/(-39)*(-6)/l - -13. What is the greatest common divisor of o and 14?
14
Let g be (-3)/(-72)*-4 + 10307/66. What is the greatest common factor of 130 and g?
26
Let h(k) = 7*k - 81. Suppose 4*f = -4*c + 76, 0 = -4*f + 2*f + 2*c + 34. Let y be h(f). Calculate the highest common factor of 20 and y.
5
Let h(a) = -a - 26. Let u be h(11). Let l = u - -10. Let f = 21 - l. Calculate the highest common factor of f and 36.
12
Suppose 11 = 17*l - 57. Suppose -l*x - x = -480. What is the greatest common divisor of 24 and x?
24
Suppose -20*w + 81*w = 732. What is the greatest common divisor of w and 188?
4
Let t(j) = j**2 + 50*j - 356. Let c be t(8). Calculate the highest common divisor of 20 and c.
4
Let c(i) = -i**3 + 23*i**2 + 26*i - 44. Let s be c(24). Let q be -3 + (s/(8/334) - 2). What is the greatest common factor of q and 36?
18
Suppose -2*s + 1212 + 11640 = 4*w, 2*w + 5*s - 6442 = 0. What is the highest common divisor of w and 494?
247
Let q(z) be the second derivative of z**4/12 - 3*z**3/2 - 5*z**2 + 26*z. Let p be q(11). Calculate the greatest common factor of p and 12.
12
Let n be (((-9)/2)/(-3))/((-9)/(-2334)). Let j = -383 + n. What is the highest common divisor of j and 10?
2
Suppose 2*o - 3*p + 34 = 142, -2*p = o - 40. Let m be 15/12*o/4. Let b be (-107)/(-1) - (0 - -2). Calculate the highest common factor of b and m.
15
Suppose -3*c = 5*m - 469 - 29, -3*c + 5*m = -528. Suppose 0 = 2*d - 5*n - 77, -18*d - 2*n = -20*d + 74. Calculate the highest common factor of d and c.
9
Let k(i) = 4*i - 14. Let s be k(6). Suppose -70 = -3*o - 4*f + 315, 2*o - f = 275. What is the highest common factor of s and o?
5
Let o(x) be the second derivative of x**4/2 - x**3/6 + 2*x**2 + 64*x - 2. Let y be o(2). Calculate the greatest common factor of 234 and y.
26
Let c be 4 - (-99)/(-24) - (-2100)/672. Calculate the greatest common factor of 237 and c.
3
Let i = 227 - 153. Let v = 96 - i. Calculate the greatest common factor of 473 and v.
11
Let y = -24753 - -24963. What is the greatest common divisor of 570 and y?
30
Suppose -4*l - 5*t = -13576, 4*l + 3*t - 18505 + 4945 = 0. What is the highest common divisor of 108 and l?
36
Let v = 229 + 179. Calculate the highest common divisor of 16116 and v.
204
Let q(n) = 600*n + 288. Let r be q(1). What is the highest common factor of 2516 and r?
148
Let c(b) be the first derivative of -b**3/3 + b**2 + 52*b + 175. Let q be c(-5). What is the greatest common divisor of q and 1513?
17
Let q = -9069 + 9225. What is the greatest common factor of 204 and q?
12
Suppose 0*r - r + 20 = 4*g, -3*r = -5*g + 25. Suppose r = 4*f - 16 - 40. Let h be (-9372)/(-84) + 6/14. Calculate the highest common factor of f and h.
14
Let t(q) = -q**2 + 17*q - 15. Let z be t(16). Let f be (-2464)/(-264) + z/(6/(-8)). What is the highest common factor of 296 and f?
8
Let i be 21/(630/3320) + 12/9. What is the highest common divisor of 105 and i?
7
Let z(d) = 9*d + 6. Let k(h) = 11*h + 5. Let x(i) = -4*k(i) + 5*z(i). Let q be x(-7). Calculate the greatest common factor of q and 6.
3
Suppose -2*p = -0*a - 4*a - 1108, 2226 = 4*p - 3*a. Calculate the greatest common factor of 36 and p.
18
Let r be (6/(-9)*-3)/(2/(-27)). Let x be 9/r + 65/15. Calculate the highest common divisor of 20 and x.
4
Let x = 23 - 16. Let i(n) = -x*n**2 - n**3 - 3*n - 6*n**2 - 22 + 2*n**2. Let r be i(-11). Calculate the greatest common factor of 99 and r.
11
Let t be (-6)/10 - (-436)/10. Suppose 17*i - t - 263 = 0. Let l = 64 - 46. What is the